 i(-4). What is the units digit of 5 + 0/(1 - d)?
5
Let x = 18 + 5. What is the units digit of x?
3
Let f = -10 - -10. Suppose f = 4*k - 8*k + 48. What is the tens digit of k?
1
Suppose 4*k + 60 = 6*k - 4*t, t = -k + 18. Let m = 21 + k. What is the units digit of m?
3
Suppose -n + 5 = -2*n + 5*q, n + 1 = q. Suppose 0 = -2*g - 2*g - h + 88, n = 5*g + 2*h - 107. What is the tens digit of g?
2
Suppose -4*z - 4*d - 88 = 0, 0*z + 5*d + 70 = -3*z. What is the tens digit of (-8 - -2)*z/8?
1
Let t = 3 - 3. Suppose w = -t*w + 3. What is the units digit of w?
3
What is the units digit of 3/(-1)*24/(3 - 6)?
4
Suppose 5*a - 55 = -f, 7*a + 4*f - 70 = 2*a. Let k = -9 + a. What is the units digit of k?
1
Let l(t) = t**2 - 2*t + 36. What is the tens digit of l(0)?
3
Let h(v) = -v**3 - 6*v**2 - 2*v - 6. What is the units digit of h(-6)?
6
Let l be -4*(-1)/2 - -46. Suppose 0*g = 4*g - l. What is the units digit of g?
2
Let y(o) = o**3 + 6*o**2 - 7*o + 3. Let q be y(-7). Let j(k) = -4 - 2*k - q - k + 1. What is the units digit of j(-5)?
9
Let s = -139 - -233. What is the tens digit of s?
9
Let l = -2 + 7. Suppose t - 2*p = 22, -5 = -2*t - 3*p + 11. Suppose 5*q - b - t - 8 = 0, -16 = -l*q + 3*b. What is the units digit of q?
5
Let w(n) = 2*n - 9. Let p be w(6). Let h(k) = -k**3 + 2 + p*k - 2*k + 0 + 9*k**2 + 0*k**3. What is the units digit of h(9)?
1
Let w(c) = 8*c. Let p be w(9). Suppose -6*b + 8*b = p. What is the units digit of b?
6
Let v(r) = -24*r. Let b be v(-5). Suppose 3*h = -2*h + b. What is the tens digit of h?
2
Let g(h) = -16*h - 9. What is the hundreds digit of g(-9)?
1
Let y = 6 + 128. What is the units digit of y?
4
Let i(m) = -m**2 - 12*m - 16. What is the units digit of i(-6)?
0
Let t(w) = 34*w. Let x be t(-1). Let v = x + 57. Let d = v - 8. What is the units digit of d?
5
Let s be (-2)/6*-1*3. Suppose -5*o = -5*k - 14 + 4, 2*o - s = k. What is the units digit of (6 - o) + (1 - 0)?
8
Suppose 5*p = 2*p - 3. What is the units digit of -1 + 15/(p + 2)?
4
Let f = -15 + 288. What is the hundreds digit of f?
2
Let v be 159/33 - (-4)/22. Suppose o + 2*o - i = 1, i - 15 = -v*o. Suppose 0 = o*b - 3*y - 14, 4*b + 5*y - 10 = 2*y. What is the units digit of b?
4
Let f = 9 - 13. Let w be 14/8 - 1/f. Suppose -w*k + 7 = -k. What is the units digit of k?
7
Let u = 33 + 24. What is the tens digit of u?
5
Let k = 77 - 42. What is the units digit of k?
5
Let g = -2 + 2. What is the tens digit of (11 - (0 - 0)) + g?
1
Let g = 19 - 27. What is the units digit of (-6)/g + (-205)/(-20)?
1
Let t(v) = v**3 - 6*v**2 + v + 7. Let o be t(6). Suppose -3*b + 10 = -b. Suppose -5*x + b*n - o = -3, 4*n = -x + 18. What is the units digit of x?
2
What is the units digit of ((-2)/4)/((-7)/560)?
0
Let u(z) = -z**3 + z**2 + 3. Let v be u(0). Suppose -5*a + y + 4 = 0, a - 2*y = -3*a + 8. Suppose -v*c + 1 + 5 = a. What is the units digit of c?
2
Suppose -1 = 3*u - 7. Suppose -j + 1 = -u*c + c, 5*c + 1 = 3*j. Suppose 2*k = 1 + c. What is the units digit of k?
1
Suppose -3 = -u - 0*u. Suppose 0*t - 3*t - 4*m = -52, u*t - 44 = -2*m. What is the tens digit of t?
1
Suppose -8*n + 455 = -3*n. What is the tens digit of n?
9
Let h = -14 + 20. Let i be 2/h*3 + -1. Let r = i + 1. What is the units digit of r?
1
Let u = -1 - -4. Suppose 0 = -4*l + u*l + 9. What is the units digit of l?
9
Suppose 0 = -4*b - 4*t - 19 + 3, -20 = 4*t. What is the units digit of 2 - (-3)/(b + 2)?
3
Let s be 0 + 2 - 10/2. What is the units digit of (34 - -1)*s/(-5)?
1
Let r = 2 - 0. Suppose 0 = 7*y - r*y. What is the units digit of -1 + y + 1 + 3?
3
Let l = -6 - -1. Let r = 7 + l. Suppose r*m = -3*a + 29, -3*m + 5*m = 3*a + 11. What is the units digit of m?
0
Let y = 9 - 6. Suppose -2*j + y*i + 3 = 12, -29 = -3*j - 4*i. What is the units digit of j?
3
Let u(i) = 6*i - 86. What is the units digit of u(15)?
4
Suppose 2*c - 23 = 25. What is the tens digit of c?
2
Let v(t) = 16*t - 1. What is the tens digit of v(2)?
3
Suppose 0 = -3*u - 2*u. Suppose u*j + 3*o - 3 = j, -5*o = 3*j + 23. What is the units digit of j/9 + (-82)/(-6)?
3
Let t(c) = -c**3 - 5*c**2 - 6*c - 1. Suppose 20 = -5*s - 0. Let k be t(s). Suppose 1 = -r + k. What is the units digit of r?
6
Let q = 7 + 47. What is the tens digit of q?
5
Let f be (-46)/3*(-3)/2. Let n = 58 - 47. Let l = f - n. What is the units digit of l?
2
Suppose -4*a - 1 + 9 = 0. What is the units digit of a?
2
Let y = 24 + 0. Let x = -43 + y. Let n = 27 + x. What is the units digit of n?
8
Suppose -62 = -4*k - 10. What is the units digit of k?
3
Suppose 0 = -5*h + 26 + 104. What is the tens digit of h?
2
Let c = -145 - -270. Suppose -4*n + c = n. Suppose 5*d + 5*f = n, 0*d = 5*d - 3*f - 57. What is the units digit of d?
9
Suppose m = 7*m - 642. What is the tens digit of m?
0
Suppose 0 = 2*v + 3*p - 0 - 1, -p = 3*v - 5. Let d(t) be the third derivative of t**4/24 - t**3/6 + t**2. What is the units digit of d(v)?
1
Let k = 1 + 1. What is the tens digit of (-1)/((-1 + k)/(-19))?
1
What is the tens digit of ((-6)/(-9))/(960/(-486) + 2)?
2
Let x(k) = k**3 + 10*k**2 - 3. Let b be x(-10). What is the units digit of -1*13*(2 + b)?
3
Let p(v) = -6*v - 14. What is the tens digit of p(-8)?
3
Suppose x = 46 + 11. What is the tens digit of x?
5
Suppose 0 = 2*h + 3*m - 128, 4*m = -h - 0*m + 74. What is the units digit of h?
8
What is the units digit of (98/(-21))/(2/(-3))?
7
Suppose 2*n = -n + 6. Suppose 0 = -3*x + 2*h - 22, 0*h - 2*h + 16 = -n*x. Let c(r) = r**3 + 5*r**2 - 9*r - 9. What is the units digit of c(x)?
9
Let p be 1*(-1 - 0) + 3. Suppose -2*b + b + p = 0. Let v = 10 + b. What is the tens digit of v?
1
Suppose 3*v - 48 = -3*r, 5 + 31 = 2*r + v. What is the tens digit of r?
2
Let q(t) = 4*t**2 + 16*t + 7. What is the tens digit of q(-6)?
5
Let t = -63 + 172. What is the hundreds digit of t?
1
Suppose 0 = -5*w - 2*j - 22 + 103, -2*j + 66 = 4*w. Suppose -4 = t - w. What is the units digit of t?
1
Suppose -w - 2*n + 39 = -3*n, w - 4*n - 30 = 0. What is the tens digit of w?
4
Suppose 2*s - 45 = -s. Let n be (6 - 2)/(-1 - -3). Suppose -5*t = -n*l + s, -3*l = l - 3*t - 23. What is the units digit of l?
5
Let u(w) = 6*w + 39. What is the tens digit of u(18)?
4
Let o(f) = f**2 - 3*f - 7. What is the tens digit of o(10)?
6
Suppose -167*x + 171*x = 268. What is the tens digit of x?
6
Let n(r) = -r**3 + 8*r**2 - 7*r. What is the units digit of n(6)?
0
Let y = 37 - 1. What is the units digit of y?
6
Let p be 5/2 - (-1)/(-2). Suppose 0 = 3*o, o + 260 = 5*b + p*o. What is the tens digit of b?
5
Let f = 44 + -17. Suppose 3*j = f + 3. What is the units digit of 74/j - 6/(-10)?
8
Suppose 8*b = 6*b + 82. What is the units digit of b?
1
Let l(c) be the first derivative of -c**4/2 + c**3/3 + 3*c**2/2 + 3*c - 2. What is the units digit of l(-2)?
7
Suppose -2*q + 51 = 7. Suppose 4*c + 14 = 4*t - c, -2*c = 3*t - q. What is the units digit of t?
6
Suppose -3*r + 3*v + 27 = 0, -r - 1 = 4*v - 0. Let s(g) = -3*g**2 + 11 + 4*g**2 - 7*g - 4. What is the units digit of s(r)?
7
Suppose 0 = 6*b - 5*b - 140. What is the tens digit of b?
4
Let u(z) = z - 8. Let n be u(7). Let f be (1 + 0)*(1 + n). Suppose f = o - 2. What is the units digit of o?
2
Let n(f) = f**3 - 5*f**2 + 3*f + 3. Let t = -3 - -6. Let a be n(t). Let c = a + 14. What is the units digit of c?
8
Let p be 54/8 - 2/(-8). Suppose -n = -0*n - p. Let x = 12 - n. What is the units digit of x?
5
Suppose 6*g - 4*g - 96 = 0. What is the tens digit of g?
4
Let t(n) = -n + 9. Suppose -26 = -3*l - 8. What is the units digit of t(l)?
3
Suppose -25 = -3*t - 5*b, -5*b - 1 = 19. Let p = t - 6. What is the units digit of p?
9
Let z = 6 + -6. Suppose z*j + 26 = 2*j. What is the units digit of j?
3
Let l(p) be the second derivative of p**4/12 + 4*p**3/3 + 6*p**2 - 8*p. Let c be ((-6)/(-4))/3*-16. What is the units digit of l(c)?
2
Suppose q - 10 = -4*q. Suppose 0 = -q*i + 7*i - 20. Suppose -a - a = g - 11, -2*g - 34 = -i*a. What is the units digit of a?
7
Suppose 2*l + 169 = -d, 0 = 2*d - 5*l + 2*l + 352. Let z = -121 - d. What is the tens digit of z?
5
Suppose -t = -19 - 1. What is the tens digit of t?
2
Suppose 4*q = -0*q - 3*j - 19, q + j = -6. Let n be 0/q + 11 + -1. What is the tens digit of (2 + (1 - 2))*n?
1
Let w(y) = y**3 - 6*y**2 + 6*y - 3. Let a be (0/(-2) - 2) 